 w*j, 4*j - 3 = c - 2*c. Suppose j*l + a = 35, a - 3 = -2*a. List the prime factors of l.
17
Suppose 0 = -3*b - 4*g + 13, 19 = -b + 4*b + g. List the prime factors of b.
7
Let h be (4 - 1/1) + 1. Let j(b) = -2*b + 8. Let l be j(4). Let d = l + h. What are the prime factors of d?
2
Let f be (-234)/(-24) - (-2)/8. Suppose -4*b = b. Let x = b + f. List the prime factors of x.
2, 5
Let y(r) be the second derivative of r**4/3 - r**3/6 + r. Let w be y(1). List the prime factors of (22/6)/(w/9).
11
Let m(q) = 35*q - 14. Let h(d) = d - 1. Let t(y) = 14*h(y) - m(y). What are the prime factors of t(-1)?
3, 7
List the prime factors of (-8)/(-10) + 8256/80.
2, 13
Suppose h + 2*h - 30 = 0. What are the prime factors of h?
2, 5
Let t be 1 + 4*(-1)/2. Let k(o) be the third derivative of -o**4/6 + 2*o**2. What are the prime factors of k(t)?
2
Let k = 299 - 130. List the prime factors of k.
13
Let d = 40 - 17. List the prime factors of d.
23
Let r(k) = 1 + 3 - k - 2 + 3. List the prime factors of r(-10).
3, 5
Suppose -2*m + 4*x = -258, 2*m - 106 = -5*x + 107. What are the prime factors of m?
7, 17
What are the prime factors of (25/5)/5 + (6 - 1)?
2, 3
Let p(l) = l**3 + 10*l**2 - 12*l + 1. Let y be p(-11). Let j be (33/(-12))/((-1)/y). Suppose -j + 9 = -3*a. List the prime factors of a.
2
Suppose -3*z + 2*r + 101 = 0, 57 = z - 0*z + 4*r. List the prime factors of z.
37
Let v be 0 - -27*(-1 - -3). Suppose 4*s - 66 = -2*x, -2 + v = 3*s - x. List the prime factors of s.
17
Suppose -y = -z - 5*y - 3, -9 = -3*z - 3*y. Suppose z*u = -0 + 85. List the prime factors of u.
17
Let o be 3/3 + (-1)/1. Let f(a) = -a**2 - 3. Let k be f(o). List the prime factors of (-6)/(-3) + k - -6.
5
Let a(y) = 2*y - 6. Let p be (-1 - 3)*2/(-2). Let m be a(p). Suppose 2*u + 4 = 0, 3*c = -3*u + m + 4. List the prime factors of c.
2
Let y(v) = v**3 - v + 4. Let c(g) = g**2 - g. Let p be c(0). Let a be y(p). Suppose a*l - 24 = -4*q, 0*q - 3*q = 5*l - 30. List the prime factors of l.
2, 3
Let f = -1 + 4. Suppose -f*y = -y - 16. List the prime factors of y.
2
Let z(c) = c**3 - 4*c**2 + 2. Let a be z(4). Suppose -2*x + 20 = a*x. Suppose f - x = 4. List the prime factors of f.
3
Let f(l) = -l**2 + 2*l + 42. What are the prime factors of f(0)?
2, 3, 7
Suppose 0*w + 14 = 2*w. Suppose -2*f + w = -1. List the prime factors of f.
2
Suppose -2*s = 2*d, 0*d - 2*d - 4*s - 8 = 0. Suppose -b + d*b = 0. List the prime factors of (b - 0) + 5 + 8.
13
Suppose a + 228 + 287 = 2*q, 5*a = -25. List the prime factors of q.
3, 5, 17
Let d = 30 + -12. List the prime factors of d.
2, 3
What are the prime factors of (2 - 31/(-2))*2?
5, 7
Suppose 0 = -5*c + 30. Let f be 10/3*c/4. Suppose f*r = -p, 7 = 2*p - r + 4*r. List the prime factors of p.
5
Let c(j) = 6*j - 19. What are the prime factors of c(9)?
5, 7
Let u(b) = -b**3 + 5*b**2 - 2*b. List the prime factors of u(2).
2
Let i(o) = -o**3 + 3*o**2 - 3*o - 3. Let r be i(-3). What are the prime factors of (r/(-8))/((-3)/8)?
2, 5
Suppose m - 9 = -2*m. List the prime factors of m.
3
Let z = -52 - -87. What are the prime factors of z?
5, 7
Let h(u) = u**3 + 10*u**2 + 5*u + 4. List the prime factors of h(-9).
2, 5
Suppose 3*a = x + 12 + 319, 5*a - 2*x - 551 = 0. List the prime factors of a.
3, 37
Let k = -1 + 0. Suppose -35 = 5*o - 5*h, 0*o = -5*o - 5*h - 35. Let l = k - o. List the prime factors of l.
2, 3
Suppose -300 = -4*a - a. Let o = a - 42. List the prime factors of o.
2, 3
Suppose 0 = -5*o + 7*o - 8. List the prime factors of o.
2
Let a(q) = 2*q - 2. Let o be a(2). Suppose o*d - 3*d + 25 = 0. Let v = d + -15. List the prime factors of v.
2, 5
Suppose 0*w - 3*w + 2*h = -17, w + 4*h = 15. Suppose p - 2*f + 4 = -w*f, 5*p + 4*f = 64. What are the prime factors of p?
2
Suppose l + 17 = n - 2*n, -3*n + 63 = -3*l. Let r = l - -37. What are the prime factors of r?
2, 3
Suppose -2*l = -m + 5, m - 2 + 3 = 5*l. List the prime factors of m.
3
Suppose 2*x = -c + 18, -c = -4 - 0. Let i be (x - 0) + -1 + 2. List the prime factors of (19/(-4))/(i/(-32)).
19
Suppose 50*f = 45*f + 1380. What are the prime factors of f?
2, 3, 23
Let u(h) = -3*h**3 - 14*h**2 + 10*h + 15. List the prime factors of u(-7).
2, 3
Let a(v) be the third derivative of v**5/60 - v**4/12 - v**3/6 - v**2. What are the prime factors of a(-3)?
2, 7
Let s be 14 + -3*2/6. What are the prime factors of s - -3*2/(-6)?
2, 3
Let h be (-40)/25*(-10)/4. Suppose 64 = 8*s - h*s. What are the prime factors of s?
2
Let t(r) = r - 8. Let z be t(9). Let o(i) = i + 3*i**2 - z - 4*i + 3. What are the prime factors of o(2)?
2
Suppose -2*t - 4*x - 1 - 1 = 0, 2*x = -2*t - 2. Let p(v) = 30*v**2 + 2*v + 2. List the prime factors of p(t).
2, 3, 5
Let b be 1*(4 + -3) + 2. Suppose b*c = 24 + 21. List the prime factors of c.
3, 5
Let l(u) = -4*u + 6. List the prime factors of l(-14).
2, 31
Let q(l) = l + 2. Let n be q(2). Let u(w) = w**2 - 4*w + 3. Let d be u(n). Suppose d*r = f - 0 - 4, -2*f = 5*r - 41. List the prime factors of f.
13
Suppose -71*x - 486 = -73*x. List the prime factors of x.
3
Let u = -14 - -10. Let o = u - -6. What are the prime factors of 90/25 - o/(-5)?
2
Let m = -50 + 118. List the prime factors of m.
2, 17
Let j = 19 + -4. Let d be (-2)/(-8) + j/4. Suppose -3*f + x + 8 = -2*f, -d*f = 3*x - 39. List the prime factors of f.
3
Let y(u) be the third derivative of u**4/12 - 7*u**3/3 - u**2. What are the prime factors of y(13)?
2, 3
Let q(o) = o**3 - o. Let k be q(2). Let t(w) = -w**3 + 7*w**2 - 5*w - 3. What are the prime factors of t(k)?
3
What are the prime factors of (4/(-2))/(4/(-40))?
2, 5
Let b(w) = 4*w - 3. Let t be b(2). Let l = -3 + t. Suppose 4*m - 31 = l*c + 19, -m = -c - 13. What are the prime factors of m?
2, 3
Suppose 143 - 43 = -2*w + 5*v, -4*w - 244 = v. Let x be (0 - 1)/(2/w). Suppose -4*c + 6 = -x. What are the prime factors of c?
3
Suppose -j = -q - 38 + 4, 4*q = 2*j - 64. What are the prime factors of j?
2, 3
List the prime factors of 24 + 5 + -3 - -3.
29
Let r(o) = -2 + 5 - 2 + 7*o**2. Let m be ((-1)/2)/((-2)/(-4)). List the prime factors of r(m).
2
Suppose 0 = -4*i + 20, -5*p - i + 790 = 2*i. What are the prime factors of p?
5, 31
Let r be 50/12 - 2/12. Suppose -r*d = -2*d + 36. Let v = d - -33. List the prime factors of v.
3, 5
Suppose -5*o - 12 = k - 3*k, k = -o - 1. Let t be 2/k*(-104)/(-4). Suppose 4*l + t = 4*c, 2*c + c - 43 = -l. List the prime factors of c.
2, 7
Let c = -71 - -50. Suppose -5*n + 15 = 0, -5*i + 4*n - 287 = -90. Let y = c - i. List the prime factors of y.
2
Suppose 87 = -22*c + 23*c. List the prime factors of c.
3, 29
Let u(x) = x**3 - x**2 - x + 8. Let f = -2 + 0. Let j be (1 + -2)*(-2 - f). List the prime factors of u(j).
2
Suppose -123 = 7*a - 4. Let w = -13 + 18. Let k = w - a. List the prime factors of k.
2, 11
Let c = -3 - -25. What are the prime factors of c?
2, 11
Let p be (-24)/((-2)/(160/12)). Suppose -6*k = -2*k - p. List the prime factors of k.
2, 5
Let j be -4*(-6)/8*1. Let a(l) = -14*l + 3. Let w be a(-3). Suppose -j*m = 2*m - w. What are the prime factors of m?
3
Suppose -m + 5*m = 16. Suppose -2*y = 3*c - 13, 0*y - m*c = y - 9. What are the prime factors of y?
5
Let l(g) be the first derivative of 9*g + 3 + 1/4*g**4 - 2*g**3 - 4*g**2. What are the prime factors of l(7)?
2
Let f(s) = s**3 - 6*s**2 + 6*s - 8. Let a be f(6). What are the prime factors of (a/6)/(3/18)?
2, 7
Suppose -5*r + 4 + 16 = -5*h, 0 = -2*h. Suppose 4 = r*w, -5*s + 3*w = w - 23. List the prime factors of s.
5
What are the prime factors of (-1 - -71) + (-9)/(-3)?
73
Suppose -20*w + 56 = -18*w. List the prime factors of w.
2, 7
Let n(c) = -c**3 + 11*c**2 + 13*c - 2. Let j be n(12). Suppose -4*k - j + 178 = 0. What are the prime factors of k?
2, 3, 7
Suppose 26 = -2*n + 4*n. Let z = 21 - n. Let i = 12 + z. What are the prime factors of i?
2, 5
Let z = 317 - 170. List the prime factors of z.
3, 7
Let i(l) = l**3 + 12*l**2 + 10*l - 2. Let r = 5 + -3. Suppose r*n = -3*n - 55. What are the prime factors of i(n)?
3
Let y(s) = s**2 + 2*s + 2. Let n be y(-3). Suppose n*t = 2*t + 24. List the prime factors of t.
2
Suppose -3*x = w - 145, 0*x + 157 = 3*x + 4*w. What are the prime factors of x?
47
Let g be 13/2*2/1. Suppose -31 = -4*b + g. Suppose -p - 2 = -b. List the prime factors of p.
3
Suppose -q 